s**3 - 4*s**2 + 2*s + 2. Suppose -4*g + 4 = -2*g. What are the prime factors of q(g)?
2, 7
Let x(p) = -p**2 + 11*p + 7. Let b = 8 - -3. List the prime factors of x(b).
7
Let v(b) = b**2 - 4*b - 7. List the prime factors of v(7).
2, 7
Let y = 86 - 43. Let h = -29 + y. What are the prime factors of h?
2, 7
Let t(q) = 90*q - 2. Let g be t(-3). Let y be g/4*(-2)/4. Let d = y + -21. List the prime factors of d.
13
Let y = 2 + 2. Let z(t) = t - 1. Let k(s) = s + 4. Let b(r) = k(r) - 2*z(r). What are the prime factors of b(y)?
2
Suppose w = -0*w + 4. Suppose 0*q + 4 = 2*q + w*u, -q + 5*u + 37 = 0. What are the prime factors of q?
2, 3
Let d(t) = t**2 - t + 6. Let l be d(0). List the prime factors of (26/(-10))/(l/(-30)).
13
Let x = 110 - 65. List the prime factors of x.
3, 5
Let m(u) = u - 7. Let k be m(9). Let i be (k/(-6))/((-3)/81). Suppose -2*l = -5*y + 4*y - i, -3*y = 4*l + 7. What are the prime factors of l?
2
Let r be 1*2/((-3)/3). What are the prime factors of ((-4)/(-4))/(r/(-50))?
5
Let x = -665 + 973. List the prime factors of x.
2, 7, 11
Suppose 0 = 5*f, 3*w - 2*f = 2*f + 6. Suppose w*o + 31 = 3*m, -3*m - 3*o = -2*m - 14. What are the prime factors of m?
11
Let k be -12 - (2 - (2 + -2)). Let t = 21 + k. List the prime factors of t.
7
Suppose 2*i + 1 = -3. List the prime factors of (-57)/(-6) + (-1)/i.
2, 5
Let l be 5/3 + 3/9. Let v(x) = 2*x**2 + 4*x - 3. List the prime factors of v(l).
13
Suppose 4*i + 2*r = 20 + 30, 4*r = 20. Let w = i + -1. Suppose -7 = -5*a - 3*n + 8, 3*a - w = 5*n. List the prime factors of a.
3
Let u be (-4)/10 + 6/15. Let m = u - -18. List the prime factors of m.
2, 3
Let b = -51 - -99. Suppose -h - b = 2*h. What are the prime factors of 2/(-1)*1 - h?
2, 7
Let o(t) = -t**2 - 2*t - 1. Let p be o(-1). List the prime factors of p/(1*-4) - -18.
2, 3
What are the prime factors of 3/(-7) + 1515/105?
2, 7
Let g = 33 + -23. What are the prime factors of (-3)/(-9)*(-1 + g)?
3
Let g = 18 + 4. List the prime factors of g.
2, 11
Suppose -7*y + 189 = -77. List the prime factors of y.
2, 19
Suppose 4 = 6*o - 2*o. What are the prime factors of -30*4/(-6) - o?
19
Suppose -1 = 5*t - h, -3*t + 2 = 2*h + 13. Let r = 3 - t. Let d = 9 + r. List the prime factors of d.
13
Let j(r) = r**2 - r. List the prime factors of j(-6).
2, 3, 7
Suppose j + 133 = 2*o - 16, 147 = 2*o + j. What are the prime factors of o?
2, 37
Suppose 2*d - 430 = 178. What are the prime factors of d?
2, 19
Let u(a) = a**2 - 10*a + 2. Let v be u(10). Let d(x) = -4 - 5*x**2 + 3*x**2 + x**v - 8*x. List the prime factors of d(-6).
2
Suppose 0 = -3*b + 9 + 12. Suppose -4*u = -2*u + 3*o - b, -3*u = -o - 27. Suppose -u = -n - 3*n. List the prime factors of n.
2
Let p = 183 + -131. Suppose -130 = 5*v + 5*q, v - 4*q + p = -v. Let j = -13 - v. List the prime factors of j.
13
Suppose z - 5*i = 4, 8 = 2*z - 0*z - 5*i. Let o be 0 - (-1 + 3 - 4). Suppose x - o*x + z = 0. What are the prime factors of x?
2
Suppose 3*r = 6*r - 9. Suppose -3*t = -4*b - 17, -5*b - 2 + 1 = r*t. List the prime factors of t.
3
Let y = -21 + 41. Suppose -4*m + 3*t + y = 0, 3*m - 12 = 2*t + t. What are the prime factors of m?
2
List the prime factors of (-493)/(-4) - (-30)/40.
2, 31
Suppose 3*z - 2*q - 12 = 4*z, -15 = -5*z + 5*q. Let f be 76/16 + z/(-8). Suppose 53 = f*b + 18. What are the prime factors of b?
7
Let u(d) be the first derivative of d**2 + 9*d - 2. Let k be u(8). Let m = k - 13. What are the prime factors of m?
2, 3
Let n = -25 + 10. What are the prime factors of -3*n/(-36)*-20?
5
Let b = -2 - -5. Suppose 3*v - 17 + 6 = -d, b*d + 3*v = 15. What are the prime factors of d?
2
Let k be (7 + (4 - 2))*1. Suppose -5*r = 3*s + k + 7, 5*r + s + 12 = 0. What are the prime factors of (1 - -9 - -2) + r?
2, 5
Let c = -3 - -7. Suppose c*o = 5*h - 7, 2*o + o - 3 = h. Suppose -h*r = -4*r - 5*w + 13, 4*r = -2*w + 52. List the prime factors of r.
13
Suppose 2*u + 47 = 165. What are the prime factors of u?
59
Let p(a) = a - 3. Let s be p(0). Let b = 16 + s. What are the prime factors of b?
13
Let r = -19 + 34. What are the prime factors of r?
3, 5
Suppose -5*z + 28 = 8. Suppose l = a - 12, 0 = -z*a - 3*l - 7 + 20. List the prime factors of a.
7
Suppose -5*s + 5*l = -765, -262 - 386 = -4*s - 5*l. What are the prime factors of s?
157
Suppose -6*a = -8*a + 484. What are the prime factors of a?
2, 11
Let w(i) = -i**3 + 8*i**2 + i + 3. Let q = -12 + 20. What are the prime factors of w(q)?
11
Suppose 0 = 5*c - 7 + 32. Let p be -4*(3 + 14/(-4)). Let m = p - c. What are the prime factors of m?
7
Let a(y) = -17*y + 26. What are the prime factors of a(-7)?
5, 29
Let f = -244 - -412. List the prime factors of f.
2, 3, 7
Let p be (-10)/4 + (-4)/(-8). Let l(v) = -14*v + 2. What are the prime factors of l(p)?
2, 3, 5
What are the prime factors of -4*-15*(-4)/(-8)?
2, 3, 5
Suppose 7 = q + 1. Suppose q = i - 17. What are the prime factors of i?
23
Suppose 5*n = -5*a - 20, 5*n + 2*a + 14 = 3*a. Let z be (-3)/(-1)*n - 0. Let b = 0 - z. What are the prime factors of b?
3
Suppose 0 = 4*h + 120 - 480. What are the prime factors of h?
2, 3, 5
Let q = -24 - -39. Suppose 0 = -5*y - 3*p + 15, 4*y + y = 2*p + q. Suppose 4*w - 28 = -2*u - u, 4*w - 52 = y*u. What are the prime factors of w?
2, 5
Let x(n) = n + 2. Let u be (-2)/(-5) - 128/20. Let m be x(u). Let a = 12 + m. List the prime factors of a.
2
What are the prime factors of (36/(-8))/((-2)/12)?
3
List the prime factors of (-4)/1 + 2871/9.
3, 5, 7
Let l = 166 + -68. List the prime factors of l.
2, 7
Let t(s) = -s**3 - 15*s**2 - 16*s + 19. What are the prime factors of t(-14)?
47
Suppose 16 = 2*y - 3*v, 0*y + v + 8 = y. What are the prime factors of (-12)/y*(-20)/2?
3, 5
Let w = -35 + 53. What are the prime factors of w?
2, 3
Suppose -2*t + 33 + 423 = 0. What are the prime factors of t?
2, 3, 19
Let k(o) = -o**2 - 6*o + 4. Let y be k(-6). Suppose -y*a = -a. What are the prime factors of (7*-1)/(-1 + a)?
7
Let n = 10 - 9. Suppose -2*t + 7*t + 2 = 3*p, n = 2*p - 3*t. List the prime factors of -3 - -18 - (-1)/p.
2, 7
What are the prime factors of (2 + 24)/(3/9)?
2, 3, 13
Let y(r) = -r**3 + 9*r**2 - 2*r + 15. Let m be y(9). Suppose 4*w + d = 319, 3*d + d + 84 = w. List the prime factors of m/(-2)*w/15.
2
Let x = 1 + -1. Let i(b) = 5*b**3 - b + 1. Let p be i(1). Suppose p*r - 70 = -x*r. List the prime factors of r.
2, 7
Let h = -30 + 44. Let f = h - 6. List the prime factors of f.
2
Let b = 17 - 1. Let q = b - -1. What are the prime factors of q?
17
Let q = -2 - -2. Suppose q*n = -n - 5. Let v = 13 + n. What are the prime factors of v?
2
Suppose -3*i + 9 = 0, -12 = -v - 3*i - i. Let b(d) = 4*d**2 + 3*d**3 + d**3 - 3*d**2 - 3*d**3 + 12. What are the prime factors of b(v)?
2, 3
Let a(o) = -o**3 + 7*o**2 + 13*o + 19. List the prime factors of a(8).
59
Let g(b) = 2*b**2 - 3*b. Let j be g(2). Suppose 5*h = n + 3*n - 57, -5*h - 9 = j*n. What are the prime factors of n?
2
Let l(g) = -2*g - 5. Let j be l(5). List the prime factors of ((-27)/(-4))/(j/(-40)).
2, 3
Let o be (-80)/(-15) + 2/3. What are the prime factors of 8 - (o + 0)/(-2)?
11
Let s(t) = t**2 + 3*t. Let r be s(-4). Let j = -5 + r. List the prime factors of (1 + 5)*j/(-2).
3
Suppose -2*g + 28 = l - 0*g, -g - 66 = -2*l. What are the prime factors of l?
2
What are the prime factors of (-89)/((-40)/48 - (-1)/2)?
3, 89
Suppose w - 4 = -w. Suppose k = -w*k + 9. List the prime factors of k.
3
Let o = 14 - 8. Let d be (-1)/(-3) + 28/o. Suppose -1 = 5*k - 4*v - 23, d*k - 16 = 2*v. List the prime factors of k.
2
Let f(o) = -o**2 - 14*o - 8. Let b be f(-12). Suppose -b = -c + 11. What are the prime factors of c?
3
Suppose -o = -3*f + 9, 5*f - 2*o - 20 = -4. Suppose -f*l - 4*q = -32, -l - 2*q = 4*l - 48. Suppose 5*h + 12 = -l, -2*h = -2*j + 16. List the prime factors of j.
2
Let h(f) be the first derivative of -f**4/4 + f**3/3 - 4*f + 2. Let j be h(0). Let a(n) = -n**2 - 7*n - 5. What are the prime factors of a(j)?
7
Let s(p) = p**2 + 8*p - 4. Let z be s(-7). Let b = -8 - z. What are the prime factors of b?
3
Let m(d) = -3*d + 8. Let s be m(6). Let x be 15/(-6)*12/s. Let y = 5 - x. What are the prime factors of y?
2
Let l be -2 - 5/((-10)/4). Suppose -8 = -d - 3*d. Suppose d*p - 2 - 4 = l. List the prime factors of p.
3
Suppose 7*f = 2*w +